8 (base 10) to base 4.
1020303332
What is -1027a3 (base 15) in base 11?
-484999
Convert -3775622 (base 8) to base 5.
-232004232
Convert 233422200 (base 5) to base 11.
675912
What is -203001 (base 11) in base 4?
-1033213100
What is b9522 (base 13) in base 7?
2563100
What is -220021011022 (base 3) in base 10?
-477611
Convert -10110021000 (base 3) to base 6.
-1242430
-6bc902 (base 14) to base 13
-9bcc11
-1336297 (base 10) to base 15
-1b5e17
What is -166d52 (base 14) in base 16?
-c03cc
What is -10101110010101100100010 (base 2) in base 16?
-572b22
What is -31611 (base 13) in base 2?
-10101101101001100
-10248a (base 13) to base 15
-76837
What is -69871a (base 11) in base 4?
-10032321113
Convert -11023140 (base 5) to base 8.
-272274
What is 2bc673 (base 14) in base 7?
16011503
7ada (base 16) to base 15
94ba
What is -121012021110022 (base 3) in base 2?
-100000110101010010111010
Convert -1324151 (base 6) to base 2.
-10001111100100011
What is 330931 (base 12) in base 10?
810037
Convert -95192 (base 12) to base 11.
-123994
What is 270a31 (base 11) in base 7?
3422332
What is 13565627 (base 8) in base 11?
18102a5
What is -5a3842 (base 15) in base 13?
-b81129
20220110022221 (base 3) to base 13
9b661a
Convert -1097154 (base 12) to base 16.
-309910
Convert 12047361 (base 9) to base 16.
59aef8
-4056252 (base 7) to base 3
-220122000100
What is -1c3a0 (base 14) in base 12?
-35860
Convert 398c83 (base 13) to base 8.
5234057
11031021 (base 4) to base 3
1002020200
Convert -261043 (base 7) to base 6.
-1012014
a3b7 (base 12) to base 7
103021
Convert -45575155 (base 8) to base 6.
-552023525
542036 (base 7) to base 12
46728
Convert -115872 (base 10) to base 12.
-57080
Convert 603b0 (base 12) to base 8.
364064
-2021110222022 (base 3) to base 8
-4473411
What is 36a42a (base 11) in base 6?
20311305
Convert 1230602 (base 10) to base 7.
13313522
-33333131 (base 5) to base 15
-5bbcb
Convert -111001011000110110110 (base 2) to base 14.
-36d458
-3617263 (base 8) to base 14
-1bb187
a85076 (base 11) to base 4
12213123220
Convert -14014810 (base 9) to base 4.
-122121023103
Convert 11a86a4 (base 11) to base 16.
1fe60e
-110200001100111 (base 3) to base 2
-11001101011101100011011
160147 (base 9) to base 3
12000011121
What is -241255 (base 7) in base 13?
-16b76
What is 42713014 (base 8) in base 5?
4320213131
Convert 14141114 (base 5) to base 11.
9aaaa
What is 8705543 (base 9) in base 14?
897732
What is 3a9882 (base 11) in base 15?
ca600
Convert -180b8 (base 16) to base 7.
-560065
What is -342322 (base 5) in base 12?
-7098
1234053054 (base 6) to base 2
110111001100110101111010
-43123143 (base 5) to base 7
-3044505
Convert 2210111 (base 6) to base 14.
2c239
-796e89 (base 16) to base 10
-7958153
What is -3264302 (base 7) in base 11?
-255439
Convert 2102112221120 (base 3) to base 4.
10323000303
What is 1202101120200 (base 3) in base 6?
31554330
Convert -891570 (base 10) to base 3.
-1200022000010
What is 2333213031 (base 4) in base 16?
bf9cd
What is -14510114 (base 6) in base 7?
-4210333
What is 10101100111100010 (base 2) in base 8?
254742
Convert -121241140 (base 5) to base 4.
-2023200130
Convert -1a84 (base 13) to base 10.
-3995
a8738 (base 11) to base 16
268fa
-20314304 (base 5) to base 4
-220232231
What is -100100111011111000 (base 2) in base 10?
-151288
29c319 (base 14) to base 16
163353
What is -220212210120 (base 3) in base 2?
-1110111100100001101
What is 111101111100111111 (base 2) in base 6?
5234451
76a94 (base 11) to base 8
332252
Convert 2813a (base 16) to base 3.
22100011210
Convert 1001233 (base 5) to base 10.
15818
What is -33000210120 (base 4) in base 9?
-7356083
673654 (base 11) to base 13
2b7865
22122760 (base 8) to base 13
ca9104
Convert -4ed982 (base 15) to base 7.
-44143121
Convert -10141233324 (base 5) to base 10.
-10492964
What is 110011313113 (base 4) in base 15?
6e086d
What is -526340 (base 7) in base 6?
-1541342
What is -151014 (base 9) in base 15?
-1c681
Convert -4467b (base 14) to base 13.
-5a6a6
What is 32132211023 (base 4) in base 9?
7124122
Convert -11111112111 (base 4) to base 5.
-324220130
-67b63c (base 14) to base 15
-49a1b5
What is -46464 (base 11) in base 12?
-32a00
100111000110100000011 (base 2) to base 4
10320310003
2353380 (base 9) to base 16
1375c8
1a03316 (base 14) to base 15
120222b
Convert 312561 (base 7) to base 11.
37466
86627 (base 14) to base 2
1001111010110001011
What is 1a803 (base 14) in base 12?
3302b
6141a82 (base 11) to base 6
1024330540
What is 11000111001000110110 (base 2) in base 15?
111a30
200222210202112 (base 3) to base 16
9a03f7
What is 110021102121 (base 3) in base 4?
322333030
-3478a (base 13) to base 8
-273030
Convert 3a0162 (base 11) to base 13.
190846
Convert -21102201201 (base 3) to base 12.
-70824
What is -6c664 (base 15) in base 5?
-42030234
What is 44a24 (base 11) in base 13?
23847
-1828015 (base 11) to base 12
-1055b23
What is a8ce80 (base 16) in base 15?
e87d77
What is 620ba (base 12) in base 8?
372016
What is 121303400 (base 5) in base 13?
17068c
2102122112 (base 3) to base 16
baf2
What is -12a0c (base 13) in base 10?
-34657
Convert 17509 (base 15) to base 12.
37760
Convert 1285a6 (base 12) to base 7.
2410065
Convert 438447 (base 10) to base 13.
124749
122121001 (base 3) to base 10
12826
165b4b (base 12) to base 3
201111002212
Convert -118219a (base 11) to base 9.
-3767612
What is -13203444 (base 5) in base 13?
-47c77
What is 8a9309 (base 11) in base 8?
5412401
What is 3313302303 (base 4) in base 13?
296c91
What is 1432146 (base 7) in base 3?
100210112120
Convert 120300 (base 5) to base 15.
14ba
What is -55e837 (base 16) in base 11?
-31a59a9
3371c (base 14) to base 3
20100022010
148bb (base 12) to base 15
8898
Convert 13231110 (base 4) to base 8.
75524
-2434442 (base 5) to base 12
-2291b
Convert 3685800 (base 10) to base 14.
6bd316
What is 18126833 (base 9) in base 10?
9111720
1457172 (base 9) to base 8
3045473
Convert -1420455 (base 10) to base 11.
-890233
What is -522551 (base 6) in base 3?
-2010202211
14ba439 (base 13) to base 16
65740e
What is 6011651 (base 8) in base 4?
12001032221
-16167 (base 9) to base 6
-123141
What is 1001021111102 (base 3) in base 9?
1037442
-1213421042 (base 5) to base 13
-797a7c
-67245 (base 10) to base 8
-203255
-2244432 (base 6) to base 4
-130012010
What is -1001010111001101010 (base 2) in base 11?
-19a554
-4443311242 (base 5) to base 16
-94b0bc
Convert -236051 (base 8) to base 6.
-1422413
Convert -21050404 (base 6) to base 3.
-1011011002111
Convert 11101111000000 (base 2) to base 8.
35700
Convert -16736060 (base 8) to base 9.
-7326077
What is -144220211 (base 5) in base 8?
-2746075
What is -210020021012 (base 3) in base 14?
-ac42b
-338538 (base 10) to base 16
-52a6a
-232020110 (base 4) to base 7
-1414604
What is 3147827 (base 11) in base 10?
5544612
Convert -100011011000100011 (base 2) to base 5.
-14114211
-2322666 (base 8) to base 15
-c74eb
What is -28232 (base 11) in base 14?
-1091d
What is -2022033333 (base 4) in base 7?
-4545636
c0c08 (base 16) to base 10
789512
What is 220110113 (base 4) in base 12?
7b69b
214537 (base 8) to base 16
1195f
What is 1473391 (base 10) in base 3?
2202212010001
Convert 11000101110101111010 (base 2) to base 11.
503923
-18d574 (base 16) to base 10
-1627508
Convert 368408 (base 10) to base 11.
231877
Convert 3933 (base 11) to base 3.
21000120
Convert -12511146 (base 7) to base 11.
-712869
What is 12210200122 (base 3) in base 15?
23ca2
What is 11114042203 (base 5) in base 8?
56573203
Convert -569812 (base 10) to base 6.
-20114004
1a936c (base 13) to base 7
5520362
Convert -3532151 (base 11) to base 16.
-5e18ac
Convert 44693 (base 10) to base 4.
22322111
Convert 101021022010 (base 3) to base 10.
202152
Convert 611281 (base 11) to base 13.
285334
14393 (base 16) to base 7
463334
Convert -1330223201 (base 4) to base 7.
-4224614
236a2 (base 11) to base 9
51713
What is -1000010001110101 (base 2) in base 14?
-c501
What is 3708e0 (base 16) in base 15?
4b3a02
Convert -205fdd (base 16) to base 7.
-24014460
Convert -5378b (base 12) to base 6.
-2205055
What is 1c5894 (base 14) in base 16?
f79da
-124353211 (base 7) to base 6
-442151124
Convert 102010110210 (base 3) to base 5.
24002140
What is -1ec67b (base 15) in base 14?
-2b4479
What is 106059 (base 14) in base 15?
